518089214?
1
What is the ten millions digit of 2209244084?
0
What is the units digit of 40831212?
2
What is the ten thousands digit of 1252857230?
5
What is the hundreds digit of 174654221?
2
What is the ten thousands digit of 251000821?
0
What is the units digit of 77399304?
4
What is the thousands digit of 3563958175?
8
What is the hundred millions digit of 998140164?
9
What is the hundreds digit of 139619306?
3
What is the thousands digit of 3269417909?
7
What is the billions digit of 4228968907?
4
What is the tens digit of 36162772?
7
What is the hundred thousands digit of 5904710687?
7
What is the ten thousands digit of 661629986?
2
What is the ten thousands digit of 1416795125?
9
What is the units digit of 389274805?
5
What is the millions digit of 1062653320?
2
What is the tens digit of 73927860?
6
What is the thousands digit of 2147731639?
1
What is the hundreds digit of 846140976?
9
What is the thousands digit of 1980012487?
2
What is the ten millions digit of 76030058?
7
What is the hundred millions digit of 543305831?
5
What is the ten millions digit of 178600547?
7
What is the thousands digit of 147367201?
7
What is the hundreds digit of 949770552?
5
What is the units digit of 36054661?
1
What is the billions digit of 2165433735?
2
What is the ten millions digit of 79118074?
7
What is the tens digit of 259937872?
7
What is the ten thousands digit of 1331042566?
4
What is the tens digit of 309396998?
9
What is the hundred thousands digit of 54030889?
0
What is the millions digit of 414162772?
4
What is the hundreds digit of 21558586?
5
What is the hundred millions digit of 2169031157?
1
What is the hundreds digit of 209724423?
4
What is the ten millions digit of 118768090?
1
What is the tens digit of 52808120?
2
What is the hundred thousands digit of 365493894?
4
What is the ten thousands digit of 595858281?
5
What is the ten thousands digit of 232247909?
4
What is the units digit of 1578824446?
6
What is the ten thousands digit of 1292076197?
7
What is the millions digit of 693891020?
3
What is the units digit of 3050341330?
0
What is the hundred thousands digit of 71438032?
4
What is the thousands digit of 131438955?
8
What is the hundred millions digit of 156978478?
1
What is the thousands digit of 409632561?
2
What is the thousands digit of 68518296?
8
What is the ten millions digit of 30812475?
3
What is the tens digit of 57889750?
5
What is the ten millions digit of 185223834?
8
What is the thousands digit of 1878465267?
5
What is the hundred thousands digit of 41662448?
6
What is the hundred millions digit of 727180889?
7
What is the ten millions digit of 84931881?
8
What is the units digit of 220156501?
1
What is the ten thousands digit of 53858977?
5
What is the thousands digit of 5961358687?
8
What is the units digit of 110730691?
1
What is the millions digit of 1011556855?
1
What is the ten millions digit of 863886754?
6
What is the hundred millions digit of 154693212?
1
What is the hundreds digit of 33135799?
7
What is the thousands digit of 1395996000?
6
What is the ten thousands digit of 269680041?
8
What is the thousands digit of 125128538?
8
What is the hundreds digit of 58719898?
8
What is the hundred thousands digit of 68206087?
2
What is the hundreds digit of 215491191?
1
What is the hundred millions digit of 189013809?
1
What is the hundreds digit of 678288274?
2
What is the ten millions digit of 8124052910?
2
What is the tens digit of 4861317735?
3
What is the hundred thousands digit of 664602813?
6
What is the hundred thousands digit of 824242757?
2
What is the thousands digit of 1914030219?
0
What is the hundred thousands digit of 9089180?
0
What is the hundred thousands digit of 2364968934?
9
What is the ten millions digit of 53423905?
5
What is the ten millions digit of 126785690?
2
What is the ten millions digit of 4119957391?
1
What is the ten thousands digit of 193420569?
2
What is the units digit of 48122351?
1
What is the tens digit of 30778436?
3
What is the hundred millions digit of 5213114046?
2
What is the hundred millions digit of 128608034?
1
What is the millions digit of 946556235?
6
What is the hundred thousands digit of 38389236?
3
What is the ten thousands digit of 4494340878?
4
What is the hundreds digit of 370227?
2
What is the hundreds digit of 556739716?
7
What is the ten millions digit of 91897276?
9
What is the thousands digit of 28543828?
3
What is the hundreds digit of 2886368847?
8
What is the hundred millions digit of 3682475828?
6
What is the units digit of 517554744?
4
What is the ten thousands digit of 126073914?
7
What is the ten thousands digit of 22228827?
2
What is the millions digit of 226018262?
6
What is the billions digit of 3239596544?
3
What is the hundreds digit of 528450303?
3
What is the hundreds digit of 30654429?
4
What is the hundred thousands digit of 42054835?
0
What is the hundred thousands digit of 289812308?
8
What is the hundred millions digit of 1271525432?
2
What is the ten millions digit of 342192846?
4
What is the tens digit of 1156763764?
6
What is the units digit of 28249707?
7
What is the billions digit of 3713800133?
3
What is the millions digit of 678382360?
8
What is the thousands digit of 3700534?
0
What is the units digit of 2411282810?
0
What is the millions digit of 13998255?
3
What is the hundreds digit of 84409751?
7
What is the hundred thousands digit of 59200930?
2
What is the tens digit of 56446292?
9
What is the ten thousands digit of 7703642317?
4
What is the thousands digit of 6370401?
0
What is the tens digit of 80394931?
3
What is the tens digit of 1959658086?
8
What is the hundred thousands digit of 375123938?
1
What is the thousands digit of 139774939?
4
What is the billions digit of 1621104868?
1
What is the units digit of 14509862?
2
What is the hundreds digit of 96722876?
8
What is the hundred millions digit of 1567150709?
5
What is the ten millions digit of 238756643?
3
What is the thousands digit of 57272490?
2
What is the tens digit of 13577419?
1
What is the tens digit of 19217620?
2
What is the ten millions digit of 391361878?
9
What is the hundred millions digit of 676625497?
6
What is the millions digit of 152374044?
2
What is the ten thousands digit of 1176264664?
6
What is the units digit of 1367894560?
0
What is the hundreds digit of 36691342?
3
What is the thousands digit of 385729753?
9
What is the units digit of 28166018?
8
What is the tens digit of 51904880?
8
What is the thousands digit of 138606787?
6
What is the billions digit of 2403442129?
2
What is the tens digit of 11587234?
3
What is the hundred millions digit of 398317881?
3
What is the ten thousands digit of 3725574156?
7
What is the hundreds digit of 59416908?
9
What is the millions digit of 41500200?
1
What is the tens digit of 91285501?
0
What is the ten thousands digit of 1584698188?
9
What is the ten millions digit of 1178521986?
7
What is the ten millions digit of 15133010?
1
What is the hundred thousands digit of 21395519?
3
What is the ten millions digit of 2071400154?
7
What is the tens digit of 1444355095?
9
What is the thousands digit of 354409201?
9
What is the ten thousands digit of 2314933524?
3
What is the hundreds digit of 673117977?
9
What is the hundreds digit of 75175507?
5
What is the units digit of 417922113?
3
What is the hundred thousands digit of 49177418?
1
What is the ten thousands digit of 975411235?
1
What is the hundred thousands digit of 111699811?
6
What is the ten millions digit of 1843911202?
4
What is the billions digit of 1362241764?
1
What is the tens digit of 29734714?
1
What is the tens digit of 275207403?
0
What is the hundred thousands digit of 1023328180?
3
What is the ten thousands digit of 225523?
2
What is the units digit of 100989138?
8
What is the hundred thousands digit of 9375944?
3
What is the units digit of 121790236?
6
What is the tens digit of 5090993250?
5
What is the hundred millions digit of 3553553328?
5
What is the thousands digit of 3203470850?
0
What is the millions digit of 2645968400?
5
What is the ten millions digit of 2182714040?
8
What is the units digit of 27616308?
8
What is the thousands digit of 64031957?
1
What is the units digit of 33210486?
6
What is the hundred millions digit of 37